ivative of w(u). What is j(4)?
2
Let n(x) be the third derivative of 0*x - 3*x**2 - 1/6*x**3 + 0 + 1/24*x**4. Let h = 4 + -3. Calculate n(h).
0
Let y(x) = x**2 + 7*x - 4. Suppose 2*u - 40 = -2*u + 5*b, 4*u - 40 = -b. Suppose 9*l = 4*l + u. Suppose l*v = -0*f - 4*f, -8 = -4*f. Give y(v).
-16
Let y(j) = 3 + 4*j - 5*j - 5*j. Determine y(3).
-15
Let v(n) = -6*n + 6. Suppose -2*r + 3*j + 13 = 0, j = r - 0*j - 5. What is v(r)?
-6
Let o(y) = y**2 + 12*y - 20. Let g = 670 - 683. What is o(g)?
-7
Suppose 4*z = 3*z + 3. Suppose 37 = 4*m - 3*w, 4*m + 3*w - 22 = -z. Suppose -2*t - 2*v + m = -3, 17 = -3*t + 5*v. Let d(j) = -4*j**3 - 2*j + 1. Calculate d(t).
-5
Let s(l) = l**3 + 2*l**2 - 4. Let w be s(-2). Let x(d) = -d + 1. What is x(w)?
5
Let s(d) = -2*d + 35. Suppose 2*o - 34 = 5*g, -5*o - 6 = -4*g - 91. Give s(o).
1
Let l(k) be the third derivative of -k**9/60480 - k**8/2240 - k**7/840 + k**6/72 + k**5/6 + 4*k**2. Let o(h) be the third derivative of l(h). Calculate o(-8).
-6
Let m(i) = -2*i**2 - 11*i - 6. Suppose -415*g + 16 = -419*g. Give m(g).
6
Let m(v) be the first derivative of -2*v**3/3 - 7*v**2/2 - 4*v + 373. Determine m(-4).
-8
Let p = 9 - 4. Let o be 1 + -1*(2 + 0) + 3. Let a(j) = j**2 - 25*j + 19*j + 3 + o. Give a(p).
0
Let v(n) = -6*n**3 - 4*n**2 + n + 1. Let p be v(1). Let j(d) = -d**3 - 8*d**2 - 4. Calculate j(p).
-4
Let h be 10/4*(-3 + 1). Let x(y) = y**3 + 18*y**2 - y + 12. Let u(o) = 3*o**3 + 56*o**2 - 4*o + 37. Let i(t) = 6*u(t) - 19*x(t). Calculate i(h).
-6
Suppose -a = -3*t + 13, 298*a - 10 = -3*t + 296*a. Let p(d) = 2*d + d**2 - 4*d - 1 + 0*d. What is p(t)?
7
Suppose -b - 9 + 7 = 0. Let r(k) be the first derivative of -2*k**2 - 2*k + 11. Calculate r(b).
6
Let v(x) = -x**3 + 6*x**2 - 3. Let i(a) = a**2 + 12*a + 26. Let y be 1*-14 - (-10 - -6). Let m be i(y). Determine v(m).
-3
Let k(n) = -n**2 + 3*n + 4. Let w be (5 - (-1 - -4)) + 2. Give k(w).
0
Let t = -115 - -119. Let v = 0 - 0. Suppose z + z + t = v. Let f(m) = m**3 + m**2 - 2*m - 3. Calculate f(z).
-3
Let a(u) = -4 + u - 6*u - u**2 - 7*u + 13*u. Suppose -w + 9 = 2*w. Suppose -5*j - 4*s = 0, j + 2*j = -w*s. Give a(j).
-4
Let a be (0/3 - -1) + 11/1. Suppose -7*x = -16 - a. Let z(r) = -r - 1. Determine z(x).
-5
Let r(g) = g**3 - 6*g**2 + 2*g + 35. Let w be r(6). Let j(s) = -w*s + 5 + 46*s - 1. Suppose -3 = 3*k - h + 4, k = 4*h + 5. Determine j(k).
7
Let a(c) be the first derivative of c**3/3 + c**2 + 2*c + 1. Let b be a(-4). Let m(h) = 6*h**2 - h + 3*h**2 - 2 - b*h**2 - h**3. Determine m(-2).
4
Let s = -9 + 11. Let l(v) = -14*v**2 - 4*v - 3. Let r(g) = 57*g**2 + 17*g + 13. Let w(m) = s*r(m) + 9*l(m). Calculate w(-1).
-11
Let i(p) = -19*p - 7. Let y(t) = 36*t + 14. Let q(g) = -7*i(g) - 4*y(g). Calculate q(3).
-40
Let p be (10 - 9)/((-3)/30*2). Let d(g) = g - 1. Calculate d(p).
-6
Let m = 79 + -76. Let t(n) = -139*n**3 + 138*n**m + 2*n + 0 - 1. Calculate t(1).
0
Let s(o) = 1 + 2*o + 1 - 3*o + o**2 - 3. Let q(p) = -22*p**3 - 2*p**2 + 2*p + 1. Let v(n) = q(n) + s(n). Determine v(1).
-22
Let h(r) be the third derivative of -r**6/120 + 7*r**5/30 - 13*r**4/24 + r**3 + 2*r**2 - 29*r. Calculate h(13).
6
Let a(l) = l**2 - l - 23 - 3 + 30. Let g = 1 - 1. Calculate a(g).
4
Let y(a) be the second derivative of -1/3*a**4 - 18*a + 3*a**2 - 1/20*a**5 + 0 + a**3. Calculate y(-5).
1
Let y = 8 - 6. Let h(f) = -37 - 24 + 59 - 2*f. Give h(y).
-6
Let w(l) be the second derivative of -l**5/20 + 3*l**4/4 - 5*l**3/3 + 9*l**2/2 + l - 45. Calculate w(8).
-7
Let t(g) = g**2 - 5*g + 3*g + 5*g + 6*g + 3 + 0*g. Give t(-8).
-5
Let w(c) = -c**3 + 5*c**2 - 6*c + 2. Let o = 169 + -164. Give w(o).
-28
Let v(r) = -4*r**2 + 6*r**3 - r**3 - 4*r - 4*r**3. Let h(c) = c**2 - 12*c + 20. Let f be h(10). Suppose -o - 25 = -5*o - l, -3*o + 3*l = f. Determine v(o).
5
Let b(k) = k**3 + 6*k**2 + 2*k + 4. Let s = -137 + 131. Give b(s).
-8
Let t(a) = 2*a**3 - 2*a**2 + a - 1. Let z be t(2). Let p(m) = m**2 + 0*m**2 + 0 - 1 - z*m**3. Let i = -5971 + 5970. What is p(i)?
9
Suppose 199*v - 224*v + 50 = 0. Let d(c) = -7*c**2 - 2*c - 1. Determine d(v).
-33
Let t = -33 - 88. Let d = -116 - t. Let w(l) = -3*l**2 + 17*l - 22. Let j(n) = n**2 - 6*n + 7. Let f(u) = -7*j(u) - 2*w(u). Give f(d).
10
Let f(n) be the first derivative of 2*n**3/3 + n**2 - 4*n + 23. Let t be f(-2). Let p(d) = d**2. Calculate p(t).
0
Let r(w) = -w**2 - w. Let y be (-35 - -39) + (-2 - 1). Calculate r(y).
-2
Let t(j) = -2*j - 4. Let l be t(-3). Suppose 0 = 2*c - r - 4*r - 29, -l*c - 4*r = 16. Let z(k) = 2*k + 2*k + 2 - k**c + 5 + 0*k**2. Give z(6).
-5
Suppose 0 = -2*x - b - 9, 3*x - 2*b = -11 - 20. Let o(r) = -2*r**3 - 13*r**2 + 5*r - 14. Determine o(x).
0
Let z(t) be the third derivative of -t**6/120 + t**5/60 + t**4/24 - t**3/6 - 101*t**2. What is z(-3)?
32
Let y(l) be the third derivative of 3*l**4/8 + 16*l**2 - 2*l. Give y(1).
9
Let t(k) = -3*k**3 + 6*k**2 + 18. Let y(r) = -8*r**3 + 13*r**2 + r + 37. Let g(o) = 5*t(o) - 2*y(o). Determine g(-5).
1
Let u(w) = -w. Let p(y) = -y - 1. Let a be 1 + ((-6)/(-9))/(10/15). Let j(i) = a*u(i) + p(i). Calculate j(3).
-10
Let b(x) = -x + 10. Suppose -24 = -11*h - 2. Suppose -l = h*f - 6*l + 2, 0 = -4*l + 16. What is b(f)?
1
Let u(p) = -p**3 + 4*p**2 - p + 12. Let k be u(5). Let g be k/117 - (-67)/13. Let b(i) = i**2 - 7*i + 2. Calculate b(g).
-8
Suppose 0 = 9*d - 7 - 2. Let x(k) = -k + 2. Give x(d).
1
Let i(n) be the third derivative of -5/24*n**4 + 0 - 4*n - n**2 - 1/3*n**3 + 1/60*n**5. Give i(5).
-2
Let z(i) = 6*i - 25. Let k be 2/(-4)*-1*(-9 + 21). Calculate z(k).
11
Let n = 465 - 464. Let a(j) = 11*j**3 - j**2 + 2*j - 1. Give a(n).
11
Let d(g) = g**2 - 3*g. Suppose -w + 0 - 8 = 0. Let i be 10/(140/(-21))*2. Let f be (i - 18/w)*-4. What is d(f)?
0
Let j = -8 - -9. Let b(w) = -7 - w + j + 0*w + 1. Suppose -u + 15 = -4*r, 10*u - 11*u + 2*r = -5. What is b(u)?
0
Let m(x) = -6*x + 3 - x**3 - 6*x**2 - 4*x - 4*x**2 - 13. Give m(-9).
-1
Let k(x) = x**2 - 11*x + 18. Suppose 0 = o + 19*p - 21*p - 6, -5*o - 3*p = -43. Calculate k(o).
-6
Suppose 2*i - 1 - 7 = 0. Let c be (-2)/3 - (-76)/114. Let w(j) = -i*j - 3 + 3*j + c. Calculate w(5).
-8
Let z be 2 - (-9)/((-45)/(-160)). Suppose -z*m = -30*m - 8. Let l(t) = -8*t + 3. Give l(m).
-13
Let r(s) = -s**2 + 17*s + 22. Let n = -188 - -206. Give r(n).
4
Let x(o) be the third derivative of o**6/120 - 7*o**5/60 + 7*o**4/24 - 2*o**3/3 + 4*o**2. Let r(a) = -a**3 - 2*a**2 + 10*a + 14. Let w be r(-4). Determine x(w).
2
Let g(q) = 4*q - 21. Let t(p) = 2*p + 1. Let v(k) = -g(k) - t(k). Determine v(4).
-4
Let v(r) = -7*r - 97 + r**2 + 68 + 4*r + 3*r. Determine v(6).
7
Let v(r) = -324 + 652 - 330 - 4*r**2 + r**3 - 2*r - 3*r. Give v(5).
-2
Let p(a) = 3*a - 2. Suppose -32 = 2*o + 26. Let m = o - -31. Give p(m).
4
Let x(v) = 2*v - 20. Suppose 0 = -5*r + n + 38, 0 = 3*r - r - 5*n - 29. Determine x(r).
-6
Let w(h) = 7*h + 3. Let t(x) = 8*x + 4. Suppose 6*m = 17*m - 55. Let u(k) = m*t(k) - 6*w(k). Calculate u(5).
-8
Let x(y) = -y**3 - 8*y**2 + 8*y + 5. Let u be 27*(-18)/135*5/2. Calculate x(u).
14
Let q(s) = -9*s**2. Let z(p) = -p**3 - 3*p**2 - 1. Let g(d) = d**2 - 18*d + 29. Let k be g(16). Let n be z(k). Determine q(n).
-9
Let r(x) be the second derivative of 6*x + 2*x**2 + 0 + 1/12*x**4 - 1/6*x**3. What is r(0)?
4
Let l be ((-198)/55)/3 - (-4)/(-5). Let c(i) = -2 - 2*i + 1 + 0 - 2*i**2. What is c(l)?
-5
Let v(g) = -g**2 + 2*g. Let a(u) = 4*u**2 - 18*u - 5. Let t(f) = -a(f) - 5*v(f). Give t(-6).
-7
Let h(i) = 2. Let s(g) = -g**3 - 12*g**2 - 11*g - 1. Let b(l) = h(l) + s(l). What is b(-11)?
1
Let v(q) = 5*q**3 + 26*q**2 + 8*q - 13. Let b(g) = -3*g**3 - 14*g**2 - 4*g + 7. Let h(c) = -7*b(c) - 4*v(c). Give h(6).
-21
Let z(h) = -4*h - 9. Let y be z(-3). Let v be y + (-6 + 2 - 1). Let c(a) = -a**2 - 2*a. What is c(v)?
0
Let s(u) = -2*u**2 - 41*u - 16. Let v be s(-20). Suppose -28 = v*n - 4. Let w(z) = -z**2 - 6*z - 4. Calculate w(n).
-4
Let m(x) be the second derivative of x**8/6720 + x**7/420 + x**6/180 - x**5/30 + 4*x**4/3 - 4*x. Let i(q) be the third derivative of m(q). Determine i(-5).
1
Let g(n) = n**2 + 5*n - 5. Let v be -1 + (-3)/(-9)*3. Let c = 47 + -41. Suppose v*f = -f - c. Give g(f).
1
Let k = 39 - 36. Let p(o) = -o**k + o**3 + 5*o**2 + 2*o + o**3 + 1. Calculate p(-3).
13
Let r(b) = 3 + 7*b**2 - 21